 derivative of -h**6/24 - h**5/60 + h**4/8 + h**3/2 - 3*h**2. Is d(l) a composite number?
True
Let c = 18 - 26. Let u(w) = w + 11. Let r be u(c). Suppose 3*s + s = 3*n - 273, 3*n + r*s = 273. Is n a prime number?
False
Let m(h) = -11*h - 15. Let j(d) = -5*d - 8. Let f(o) = -5*j(o) + 3*m(o). Is f(-11) a prime number?
True
Let c(l) = 3*l**3 + 6*l**2 + 3*l - 13. Let z(s) = 4*s**3 + 6*s**2 + 2*s - 14. Let i(q) = -5*c(q) + 4*z(q). Is i(7) prime?
False
Is (-25389)/(-28) - (-1)/4 a composite number?
False
Is (576 - -1) + 4 - -2 prime?
False
Is (2156 - (0 + -1)) + -4 a composite number?
False
Suppose -5*y - 528 = -2*d - 96, 0 = 5*d + 3*y - 1049. Is d composite?
False
Let n = 9 - 5. Suppose 3*t = 3 + 3. Suppose -2 = -t*w - n*c + 64, -5 = 5*c. Is w a composite number?
True
Let i(f) = f**3 - 5*f**2 + 7*f - 4. Let u be i(4). Let h = u - -43. Suppose -14 = x - h. Is x prime?
True
Let q be 15*(-1)/(-5 + 2). Let y(h) be the first derivative of h**3 - 3*h**2/2 + 7*h - 3. Is y(q) composite?
False
Suppose 30 = -5*d + 2*h + h, 7 = -4*d - h. Let z be 1/(-2)*114/d. Is (1 - -3)*z/4 prime?
True
Let v(c) = c**3 - 7*c**2 + 8*c - 9. Let t(w) = w**3 + 5*w**2 + 3*w - 3. Let b be t(-3). Let o be v(b). Is 110/(-15)*o/(-2) a prime number?
True
Let n be (1/2)/((-1)/(-8)). Suppose -n*c + 243 = 31. Is c a prime number?
True
Let s be (-1)/(-5) + 42/15. Suppose 3*l - 3 = -z, -l - 2*z + 15 = s*z. Suppose -5*k + l*k = w - 31, -w + 3*k - 1 = 0. Is w prime?
True
Suppose 3278 - 834 = 4*d. Is d a composite number?
True
Suppose x = 5 - 3. Suppose p = 3*p + 3*y - 413, -3*p = x*y - 627. Is p composite?
False
Let s = 416 + -85. Is s a prime number?
True
Let n(s) = 5*s**2 + 13. Let t be n(-11). Let c = t - 325. Is c composite?
False
Let t(a) = -a**3 + a**2 + 5*a - 3. Let b be t(3). Let s = b + 8. Is s composite?
False
Let d(b) = 59*b**2 - b - 1. Is d(1) a composite number?
True
Suppose 2*l + 3*w - 2 = 0, -4 - 10 = -5*l - 3*w. Suppose -38 = -4*o + 2*a, -2*a = 4*o - 2*o - l. Is o prime?
True
Let r = 6 + -4. Let g(n) = n + 11. Let q be g(-5). Suppose -l + q = r*l. Is l prime?
True
Let b = 4 + -1. Suppose -114 = -b*a - 21. Is a a prime number?
True
Let d be 21/(-14)*(-1436)/6. Suppose s = -4*s + 1160. Let c = d - s. Is c composite?
False
Suppose 3*d = 5*i - 0*i + 490, 3*i + 3*d = -270. Is 8/(-12) - i/3 a composite number?
False
Is 1152/14 - 10/35 prime?
False
Suppose 3*a = 3 - 12. Let p = -16 - -22. Is a*2*(-14)/p prime?
False
Let m be (-3)/(-5) + (-12)/(-5). Suppose 2*u + 5*l - 6 = 0, 4*u - m*l - 12 = l. Suppose 0*a + u*a - 471 = 0. Is a a prime number?
True
Let x = 0 - 0. Let i(z) = 130*z - 3 + 4 + x. Is i(1) composite?
False
Let g(y) be the second derivative of -1/2*y**2 + y + 0 + 0*y**3 + 1/4*y**4 + 1/20*y**5. Is g(2) a composite number?
False
Let x = -1 + 3. Suppose -n - 45 = -x*n. Suppose 3*p = -6 + n. Is p a composite number?
False
Let y = 8 + -6. Suppose u - 3 = 2*w, y*u + 2*w + 2 - 14 = 0. Suppose -2*g + 929 = u*m, -3*m + 4*g = -261 - 286. Is m a prime number?
False
Suppose 0 = -4*j + 4 + 4. Suppose -j*d = -83 - 71. Is d a prime number?
False
Let w be 7 - ((-3)/(-1))/(-3). Let k = w + -5. Suppose k*g = -24 + 63. Is g a prime number?
True
Suppose -5*d + 350 - 10 = 0. Suppose -4*z = d - 320. Let a = z - 38. Is a a composite number?
True
Suppose 0*s - 2*s + 2*y + 20 = 0, -46 = -5*s + 4*y. Is ((-14)/s)/((-3)/45) composite?
True
Suppose -2*d + 215 = -63. Is d a composite number?
False
Let t be 5/((-2 - -1) + 2). Suppose 2*g = 3*h - 8, 2*g - 6*g = -t*h + 16. Suppose 0*k - 3*k + 21 = h. Is k composite?
False
Is ((-6)/9)/(6/(-2871)) prime?
False
Let u be ((-97)/2)/((-3)/6). Let y = -63 + u. Is y a composite number?
True
Let y(x) = 2*x**3 + x**2 - x. Suppose 3*o + 2*o + 19 = 4*v, 2*v = -2*o - 4. Let t be y(v). Is (-37)/(-2) - t/(-4) prime?
True
Let g(c) = 24*c**3 - c + 1. Let d be g(1). Suppose 3*o + 3*l - d = 0, -2*o + 4*l + 10 = o. Is o composite?
True
Let n(h) = 32*h + 3. Let u be n(-2). Let b = u - -138. Is b a prime number?
False
Let v = -28 + 287. Is v composite?
True
Let w = 285 + -166. Is w composite?
True
Let v = 651 - 182. Is v a prime number?
False
Let s = -11 - -6. Let o = -5 - s. Suppose 4*a - a - 42 = o. Is a prime?
False
Suppose -3*m = -2*m + 93. Let v = 116 - m. Is v composite?
True
Let w(g) = -78*g - 1. Let p = -15 + 6. Is w(p) a prime number?
True
Suppose -3*v - 22945 = -4*o, 3*v - 11477 = -o - o. Is o a composite number?
False
Let s(r) = 65*r**2 + 2. Is s(-3) composite?
False
Let b(u) = 7623*u - 2. Is b(1) composite?
False
Let k = 340 + 5463. Is k composite?
True
Let a be (-38)/(-10) - 2/(-10). Suppose a*r = -3*t + 125, 2*t - 4*t + 5*r + 91 = 0. Is t a prime number?
True
Let m = 8 + -8. Suppose 2*i + 5 - 23 = m. Suppose -y + 118 = i. Is y a composite number?
False
Suppose 50 = 5*r - 4*r. Suppose 4*v - r = 26. Is v a prime number?
True
Suppose -4*x + 3*x = -2. Suppose -2*o - x*o + 20 = 0. Suppose -2*r = -o*i + 161, -2*r - 34 = -2*i + 34. Is i prime?
True
Let z = -7 - -5. Let q(a) = 34*a**3 + 16*a - 4. Let m(u) = -23*u**3 - 11*u + 3. Let f(w) = -7*m(w) - 5*q(w). Is f(z) prime?
False
Suppose 19*u = 13*u + 13998. Is u a prime number?
True
Let w = -89 - -200. Is w a composite number?
True
Let l(v) = 78*v - 1. Let f = 1 + 1. Suppose 1 = -n + f. Is l(n) a prime number?
False
Let z(g) be the third derivative of 11*g**4/24 - g**3/3 + 8*g**2. Is z(3) prime?
True
Let l(u) = 8*u - 5. Is l(11) a prime number?
True
Let b(f) = -4*f**2 - 3*f**2 + 5*f**2 + 210*f**3 - 2*f + 4*f**2 + 1. Is b(1) a prime number?
True
Let j(w) = 31*w**2 - 4*w - 12. Is j(5) composite?
False
Suppose -6*a - 21 = -3*a. Let d = 7 + a. Is (d - 1)/((-1)/11) prime?
True
Suppose q - 920 = -3*q - 5*o, 2*o = 2*q - 460. Let u be (-3 - -2)/((-2)/q). Suppose -5*m = -0*m - u. Is m composite?
False
Let o(s) = -3*s - 2. Let x be o(-3). Let v(c) = -c + 11*c - 5 - 7 - c**2 + 6. Is v(x) composite?
True
Suppose -4*q + 88 = -2*q. Suppose -6*o + 2*o + q = 0. Is o a composite number?
False
Suppose 0 = 3*i - 19 + 4. Suppose -205 = -3*n - m, 0 = i*n - 4*m - 395 + 76. Is n prime?
True
Let t = 18 + -15. Is (0 + 148/12)*t a composite number?
False
Let b be (16 - 0)*21/28. Suppose -4*a + b = -a, 0 = 4*q - 5*a - 296. Is q a prime number?
True
Suppose 2*i - 4*i - 686 = 0. Let m = 504 + i. Is m a composite number?
True
Let z = -72 + 199. Is z a prime number?
True
Suppose 9 = 3*z, -2*q + 3 = -7*q + z. Suppose q*r - r = 4*y - 16, r = 4*y - 8. Is r composite?
True
Suppose 0 = 2*p + 17 - 57. Suppose 0 = -z - 3*z + p. Let l = z + 14. Is l a prime number?
True
Suppose -3*i = -2*v - 1429, 5*i - 6*v - 2379 = -2*v. Is i a composite number?
False
Suppose h = 6*h + 245. Let g = h + -7. Is 4/(-18) + g/(-9) a prime number?
False
Let s = 3 + -2. Let z(j) = -21*j**3 - 3*j + 3. Let g(p) = -21*p**3 - 2*p + 2. Let i(m) = -4*g(m) + 3*z(m). Is i(s) prime?
False
Suppose y = -4*y. Suppose y = -r - 4*r. Suppose r*c = c - 35. Is c composite?
True
Suppose -t - 9 = -4*p + 4*t, -5*p + 36 = 2*t. Suppose r + 20 = p*r. Suppose 178 = 5*l - i, l - r*i = -0*l + 47. Is l a composite number?
True
Let f(v) = -139*v + 112. Is f(-11) composite?
True
Suppose -16 = 4*o - 4. Let i be (30/(-14) - (1 + -4))*14. Is o/i + (-2346)/(-8) prime?
True
Let s(r) = 3*r**3 + r**2 + 3*r - 3. Let p be s(2). Let q = 62 - p. Is q a prime number?
True
Suppose -176 = -i + 150. Is i prime?
False
Let f(b) = 5*b**2 + 13 - 16*b - 6*b**2 + 4*b**2 + 5*b**2. Is f(10) a prime number?
True
Suppose m + 9 = i, 3*i + 4*m + 16 = 2*i. Let b(c) = 19*c + 3. Is b(i) composite?
False
Let m = 11 + 8. Suppose 3*u = 5*r + m, 3*u - 2*r - 15 = r. Suppose u*k = s - 79, -5*s + 2*k + 395 = 4*k. Is s a composite number?
False
Let q = 1198 + -677. Is q a prime number?
True
Suppose 230 = -0*p + 5*p. Is p prime?
False
Let d(x) = 17*x. Let b(s) = 33*s - 1. Let i(c) = -3*b(c) + 5*d(c). Is i(-4) prime?
True
Let k = 1143 + -496. Is k prime?
True
Let g = 78 + 38. Let v = 1 - g. Let j = v + 197. Is j a prime number?
False
Suppose -4*g - 520 = g. Let f = 177 + g. Suppose b + 0*b + f = 4*y, 5*y + 5*b = 110. Is y composite?
False
Let v = -159 - -368. Is v prime?
False
Let d(y) = y**3 + 4*y**2 + 5*y + 7. Let s be d(-3). Is -2 + 1 + s*80 composite?
False
Let u(t) = -t**3 - 4*t**2 + 6*t + 4. Let j be u(-5). Let r = -1 - j. Is (11 - r)/(2/4)